{"id":624,"date":"2023-01-30T20:51:50","date_gmt":"2023-01-31T00:51:50","guid":{"rendered":"https:\/\/allsupplyservice.com\/?post_type=product&#038;p=624"},"modified":"2023-01-30T20:51:52","modified_gmt":"2023-01-31T00:51:52","slug":"material-sanitario-grado-alimenticio","status":"publish","type":"product","link":"https:\/\/allsupplyservice.com\/?product=material-sanitario-grado-alimenticio","title":{"rendered":"MATERIAL SANITARIO GRADO ALIMENTICIO"},"content":{"rendered":"","protected":false},"excerpt":{"rendered":"<p><strong><em>MATERIALES<\/em>: \u00a0<\/strong>Acero Inoxidable (T304-T316)<\/p>\n<p><strong><em>STANDARES<\/em>:\u00a0\u00a0\u00a0 <\/strong>ASTM<\/p>\n<p><strong><em>MEDIDAS:\u00a0\u00a0\u00a0\u00a0\u00a0\u00a0 <\/em><\/strong>\u00a0\u00a01\u201d a 6\u201d<\/p>\n<p><strong><em>ESPESORES:\u00a0\u00a0\u00a0 <\/em><\/strong>1.2 \u2013 1.5<\/p>\n<p><strong><em>CONECCIONES: <\/em><\/strong>Soldar &#8211; Clamp<\/p>\n<p>&nbsp;<\/p>\n<p><strong><em>APLICACI\u00d3N:<\/em><\/strong> Las aplicaciones m\u00e1s comunes incluyen Plantas Farmac\u00e9uticas,\u00a0 Industrias de Alimentos en general, de Bebidas,\u00a0 Cerveceras, Cosm\u00e9ticas y Qu\u00edmicas.<\/p>\n<p><strong>\u00a0<\/strong><\/p>\n","protected":false},"featured_media":625,"comment_status":"open","ping_status":"closed","template":"","meta":{"_uag_custom_page_level_css":"","site-sidebar-layout":"default","site-content-layout":"default","ast-site-content-layout":"","site-content-style":"default","site-sidebar-style":"default","ast-global-header-display":"","ast-banner-title-visibility":"","ast-main-header-display":"","ast-hfb-above-header-display":"","ast-hfb-below-header-display":"","ast-hfb-mobile-header-display":"","site-post-title":"","ast-breadcrumbs-content":"","ast-featured-img":"","footer-sml-layout":"","theme-transparent-header-meta":"default","adv-header-id-meta":"","stick-header-meta":"","header-above-stick-meta":"","header-main-stick-meta":"","header-below-stick-meta":"","astra-migrate-meta-layouts":"default","ast-page-background-enabled":"default","ast-page-background-meta":{"desktop":{"background-color":"var(--ast-global-color-4)","background-image":"","background-repeat":"repeat","background-position":"center center","background-size":"auto","background-attachment":"scroll","background-type":"","background-media":"","overlay-type":"","overlay-color":"","overlay-opacity":"","overlay-gradient":""},"tablet":{"background-color":"","background-image":"","background-repeat":"repeat","background-position":"center center","background-size":"auto","background-attachment":"scroll","background-type":"","background-media":"","overlay-type":"","overlay-color":"","overlay-opacity":"","overlay-gradient":""},"mobile":{"background-color":"","background-image":"","background-repeat":"repeat","background-position":"center center","background-size":"auto","background-attachment":"scroll","background-type":"","background-media":"","overlay-type":"","overlay-color":"","overlay-opacity":"","overlay-gradient":""}},"ast-content-background-meta":{"desktop":{"background-color":"var(--ast-global-color-5)","background-image":"","background-repeat":"repeat","background-position":"center center","background-size":"auto","background-attachment":"scroll","background-type":"","background-media":"","overlay-type":"","overlay-color":"","overlay-opacity":"","overlay-gradient":""},"tablet":{"background-color":"var(--ast-global-color-5)","background-image":"","background-repeat":"repeat","background-position":"center center","background-size":"auto","background-attachment":"scroll","background-type":"","background-media":"","overlay-type":"","overlay-color":"","overlay-opacity":"","overlay-gradient":""},"mobile":{"background-color":"var(--ast-global-color-5)","background-image":"","background-repeat":"repeat","background-position":"center center","background-size":"auto","background-attachment":"scroll","background-type":"","background-media":"","overlay-type":"","overlay-color":"","overlay-opacity":"","overlay-gradient":""}},"_joinchat":[]},"product_cat":[32],"product_tag":[],"class_list":{"0":"post-624","1":"product","2":"type-product","3":"status-publish","4":"has-post-thumbnail","6":"product_cat-material-sanitario-grado-alimenticio","7":"desktop-align-left","8":"tablet-align-left","9":"mobile-align-left","11":"first","12":"instock","13":"shipping-taxable","14":"purchasable","15":"product-type-simple"},"uagb_featured_image_src":{"full":["https:\/\/allsupplyservice.com\/wp-content\/uploads\/2023\/01\/9.png",500,380,false],"thumbnail":["https:\/\/allsupplyservice.com\/wp-content\/uploads\/2023\/01\/9-150x150.png",150,150,true],"medium":["https:\/\/allsupplyservice.com\/wp-content\/uploads\/2023\/01\/9-300x228.png",300,228,true],"medium_large":["https:\/\/allsupplyservice.com\/wp-content\/uploads\/2023\/01\/9.png",500,380,false],"large":["https:\/\/allsupplyservice.com\/wp-content\/uploads\/2023\/01\/9.png",500,380,false],"1536x1536":["https:\/\/allsupplyservice.com\/wp-content\/uploads\/2023\/01\/9.png",500,380,false],"2048x2048":["https:\/\/allsupplyservice.com\/wp-content\/uploads\/2023\/01\/9.png",500,380,false],"woocommerce_thumbnail":["https:\/\/allsupplyservice.com\/wp-content\/uploads\/2023\/01\/9-300x300.png",300,300,true],"woocommerce_single":["https:\/\/allsupplyservice.com\/wp-content\/uploads\/2023\/01\/9.png",500,380,false],"woocommerce_gallery_thumbnail":["https:\/\/allsupplyservice.com\/wp-content\/uploads\/2023\/01\/9-100x100.png",100,100,true]},"uagb_author_info":{"display_name":"allsupplyservice","author_link":"https:\/\/allsupplyservice.com\/?author=0"},"uagb_comment_info":0,"uagb_excerpt":"MATERIALES: \u00a0Acero Inoxidable (T304-T316) STANDARES:\u00a0\u00a0\u00a0 ASTM MEDIDAS:\u00a0\u00a0\u00a0\u00a0\u00a0\u00a0 \u00a0\u00a01\u201d a 6\u201d ESPESORES:\u00a0\u00a0\u00a0 1.2 \u2013 1.5 CONECCIONES: Soldar - Clamp &nbsp; APLICACI\u00d3N: Las aplicaciones m\u00e1s comunes incluyen Plantas Farmac\u00e9uticas,\u00a0 Industrias de Alimentos en general, de Bebidas,\u00a0 Cerveceras, Cosm\u00e9ticas y Qu\u00edmicas. \u00a0","_links":{"self":[{"href":"https:\/\/allsupplyservice.com\/index.php?rest_route=\/wp\/v2\/product\/624","targetHints":{"allow":["GET"]}}],"collection":[{"href":"https:\/\/allsupplyservice.com\/index.php?rest_route=\/wp\/v2\/product"}],"about":[{"href":"https:\/\/allsupplyservice.com\/index.php?rest_route=\/wp\/v2\/types\/product"}],"replies":[{"embeddable":true,"href":"https:\/\/allsupplyservice.com\/index.php?rest_route=%2Fwp%2Fv2%2Fcomments&post=624"}],"version-history":[{"count":1,"href":"https:\/\/allsupplyservice.com\/index.php?rest_route=\/wp\/v2\/product\/624\/revisions"}],"predecessor-version":[{"id":626,"href":"https:\/\/allsupplyservice.com\/index.php?rest_route=\/wp\/v2\/product\/624\/revisions\/626"}],"wp:featuredmedia":[{"embeddable":true,"href":"https:\/\/allsupplyservice.com\/index.php?rest_route=\/wp\/v2\/media\/625"}],"wp:attachment":[{"href":"https:\/\/allsupplyservice.com\/index.php?rest_route=%2Fwp%2Fv2%2Fmedia&parent=624"}],"wp:term":[{"taxonomy":"product_cat","embeddable":true,"href":"https:\/\/allsupplyservice.com\/index.php?rest_route=%2Fwp%2Fv2%2Fproduct_cat&post=624"},{"taxonomy":"product_tag","embeddable":true,"href":"https:\/\/allsupplyservice.com\/index.php?rest_route=%2Fwp%2Fv2%2Fproduct_tag&post=624"}],"curies":[{"name":"wp","href":"https:\/\/api.w.org\/{rel}","templated":true}]}}