{"id":614,"date":"2023-01-30T20:18:24","date_gmt":"2023-01-31T00:18:24","guid":{"rendered":"https:\/\/allsupplyservice.com\/?post_type=product&#038;p=614"},"modified":"2024-07-07T16:32:29","modified_gmt":"2024-07-07T20:32:29","slug":"accesorios-3000-6000-copia","status":"publish","type":"product","link":"https:\/\/allsupplyservice.com\/?product=accesorios-3000-6000-copia","title":{"rendered":"INSTRUMENTACION"},"content":{"rendered":"","protected":false},"excerpt":{"rendered":"<p><strong><em>MATERIALES<\/em><\/strong>: \u00a0\u00a0\u00a0Acero Inoxidable T316<\/p>\n<p><strong><em>PRESION:<\/em><\/strong>\u00a0\u00a0\u00a0\u00a0\u00a0\u00a0\u00a0\u00a0\u00a0\u00a0\u00a0 Maneja Presiones Altas, fluidos<\/p>\n<p><strong><em>\u00a0\u00a0\u00a0\u00a0\u00a0\u00a0\u00a0\u00a0\u00a0\u00a0\u00a0\u00a0\u00a0\u00a0\u00a0\u00a0\u00a0\u00a0\u00a0\u00a0\u00a0\u00a0\u00a0\u00a0\u00a0\u00a0\u00a0\u00a0\u00a0\u00a0 <\/em><\/strong>Densos, Material Abrasivos.<\/p>\n<p><strong><em>MEDIDAS:\u00a0\u00a0\u00a0\u00a0\u00a0\u00a0\u00a0\u00a0\u00a0 <\/em><\/strong>1\/4\u201d &#8211; 1\u201d<\/p>\n<p><strong><em>CONECCIONES: <\/em><\/strong>(NPT-NPT) (OD-OD) (NPT-OD)<\/p>\n<p>Los acoples de instrumentaci\u00f3n conectan una tuber\u00eda de di\u00e1metro peque\u00f1o de acero inoxidable en corridas para aplicaciones de alta presi\u00f3n.<\/p>\n","protected":false},"featured_media":618,"comment_status":"open","ping_status":"closed","template":"","meta":{"_uag_custom_page_level_css":"","site-sidebar-layout":"default","site-content-layout":"default","ast-site-content-layout":"","site-content-style":"default","site-sidebar-style":"default","ast-global-header-display":"","ast-banner-title-visibility":"","ast-main-header-display":"","ast-hfb-above-header-display":"","ast-hfb-below-header-display":"","ast-hfb-mobile-header-display":"","site-post-title":"","ast-breadcrumbs-content":"","ast-featured-img":"","footer-sml-layout":"","theme-transparent-header-meta":"default","adv-header-id-meta":"","stick-header-meta":"","header-above-stick-meta":"","header-main-stick-meta":"","header-below-stick-meta":"","astra-migrate-meta-layouts":"default","ast-page-background-enabled":"default","ast-page-background-meta":{"desktop":{"background-color":"var(--ast-global-color-4)","background-image":"","background-repeat":"repeat","background-position":"center center","background-size":"auto","background-attachment":"scroll","background-type":"","background-media":"","overlay-type":"","overlay-color":"","overlay-opacity":"","overlay-gradient":""},"tablet":{"background-color":"","background-image":"","background-repeat":"repeat","background-position":"center center","background-size":"auto","background-attachment":"scroll","background-type":"","background-media":"","overlay-type":"","overlay-color":"","overlay-opacity":"","overlay-gradient":""},"mobile":{"background-color":"","background-image":"","background-repeat":"repeat","background-position":"center center","background-size":"auto","background-attachment":"scroll","background-type":"","background-media":"","overlay-type":"","overlay-color":"","overlay-opacity":"","overlay-gradient":""}},"ast-content-background-meta":{"desktop":{"background-color":"var(--ast-global-color-5)","background-image":"","background-repeat":"repeat","background-position":"center center","background-size":"auto","background-attachment":"scroll","background-type":"","background-media":"","overlay-type":"","overlay-color":"","overlay-opacity":"","overlay-gradient":""},"tablet":{"background-color":"var(--ast-global-color-5)","background-image":"","background-repeat":"repeat","background-position":"center center","background-size":"auto","background-attachment":"scroll","background-type":"","background-media":"","overlay-type":"","overlay-color":"","overlay-opacity":"","overlay-gradient":""},"mobile":{"background-color":"var(--ast-global-color-5)","background-image":"","background-repeat":"repeat","background-position":"center center","background-size":"auto","background-attachment":"scroll","background-type":"","background-media":"","overlay-type":"","overlay-color":"","overlay-opacity":"","overlay-gradient":""}},"_joinchat":[]},"product_cat":[30],"product_tag":[],"class_list":{"0":"post-614","1":"product","2":"type-product","3":"status-publish","4":"has-post-thumbnail","6":"product_cat-instrumentacion","7":"desktop-align-left","8":"tablet-align-left","9":"mobile-align-left","11":"first","12":"instock","13":"shipping-taxable","14":"purchasable","15":"product-type-simple"},"uagb_featured_image_src":{"full":["https:\/\/allsupplyservice.com\/wp-content\/uploads\/2023\/01\/7.png",500,380,false],"thumbnail":["https:\/\/allsupplyservice.com\/wp-content\/uploads\/2023\/01\/7-150x150.png",150,150,true],"medium":["https:\/\/allsupplyservice.com\/wp-content\/uploads\/2023\/01\/7-300x228.png",300,228,true],"medium_large":["https:\/\/allsupplyservice.com\/wp-content\/uploads\/2023\/01\/7.png",500,380,false],"large":["https:\/\/allsupplyservice.com\/wp-content\/uploads\/2023\/01\/7.png",500,380,false],"1536x1536":["https:\/\/allsupplyservice.com\/wp-content\/uploads\/2023\/01\/7.png",500,380,false],"2048x2048":["https:\/\/allsupplyservice.com\/wp-content\/uploads\/2023\/01\/7.png",500,380,false],"woocommerce_thumbnail":["https:\/\/allsupplyservice.com\/wp-content\/uploads\/2023\/01\/7-300x300.png",300,300,true],"woocommerce_single":["https:\/\/allsupplyservice.com\/wp-content\/uploads\/2023\/01\/7.png",500,380,false],"woocommerce_gallery_thumbnail":["https:\/\/allsupplyservice.com\/wp-content\/uploads\/2023\/01\/7-100x100.png",100,100,true]},"uagb_author_info":{"display_name":"allsupplyservice","author_link":"https:\/\/allsupplyservice.com\/?author=0"},"uagb_comment_info":2,"uagb_excerpt":"MATERIALES: \u00a0\u00a0\u00a0Acero Inoxidable T316 PRESION:\u00a0\u00a0\u00a0\u00a0\u00a0\u00a0\u00a0\u00a0\u00a0\u00a0\u00a0 Maneja Presiones Altas, fluidos \u00a0\u00a0\u00a0\u00a0\u00a0\u00a0\u00a0\u00a0\u00a0\u00a0\u00a0\u00a0\u00a0\u00a0\u00a0\u00a0\u00a0\u00a0\u00a0\u00a0\u00a0\u00a0\u00a0\u00a0\u00a0\u00a0\u00a0\u00a0\u00a0\u00a0 Densos, Material Abrasivos. MEDIDAS:\u00a0\u00a0\u00a0\u00a0\u00a0\u00a0\u00a0\u00a0\u00a0 1\/4\u201d - 1\u201d CONECCIONES: (NPT-NPT) (OD-OD) (NPT-OD) Los acoples de instrumentaci\u00f3n conectan una tuber\u00eda de di\u00e1metro peque\u00f1o de acero inoxidable en corridas para aplicaciones de alta presi\u00f3n.","_links":{"self":[{"href":"https:\/\/allsupplyservice.com\/index.php?rest_route=\/wp\/v2\/product\/614","targetHints":{"allow":["GET"]}}],"collection":[{"href":"https:\/\/allsupplyservice.com\/index.php?rest_route=\/wp\/v2\/product"}],"about":[{"href":"https:\/\/allsupplyservice.com\/index.php?rest_route=\/wp\/v2\/types\/product"}],"replies":[{"embeddable":true,"href":"https:\/\/allsupplyservice.com\/index.php?rest_route=%2Fwp%2Fv2%2Fcomments&post=614"}],"version-history":[{"count":3,"href":"https:\/\/allsupplyservice.com\/index.php?rest_route=\/wp\/v2\/product\/614\/revisions"}],"predecessor-version":[{"id":619,"href":"https:\/\/allsupplyservice.com\/index.php?rest_route=\/wp\/v2\/product\/614\/revisions\/619"}],"wp:featuredmedia":[{"embeddable":true,"href":"https:\/\/allsupplyservice.com\/index.php?rest_route=\/wp\/v2\/media\/618"}],"wp:attachment":[{"href":"https:\/\/allsupplyservice.com\/index.php?rest_route=%2Fwp%2Fv2%2Fmedia&parent=614"}],"wp:term":[{"taxonomy":"product_cat","embeddable":true,"href":"https:\/\/allsupplyservice.com\/index.php?rest_route=%2Fwp%2Fv2%2Fproduct_cat&post=614"},{"taxonomy":"product_tag","embeddable":true,"href":"https:\/\/allsupplyservice.com\/index.php?rest_route=%2Fwp%2Fv2%2Fproduct_tag&post=614"}],"curies":[{"name":"wp","href":"https:\/\/api.w.org\/{rel}","templated":true}]}}